{"id":17,"date":"2015-02-01T11:52:45","date_gmt":"2015-02-01T09:52:45","guid":{"rendered":"http:\/\/maennerchor-sirnach.ch\/?page_id=17"},"modified":"2026-03-30T11:48:35","modified_gmt":"2026-03-30T10:48:35","slug":"unsere-dirigentin","status":"publish","type":"page","link":"https:\/\/maennerchor-sirnach.ch\/?page_id=17","title":{"rendered":"Unsere Dirigentin"},"content":{"rendered":"<blockquote><p>&nbsp;<\/p>\n<p><strong><img decoding=\"async\" loading=\"lazy\" class=\" size-full wp-image-473 alignleft\" src=\"https:\/\/maennerchor-sirnach.ch\/wp-content\/uploads\/2015\/02\/visitenkarte_gmaeder.jpg\" alt=\"visitenkarte_gmaeder\" width=\"315\" height=\"210\" srcset=\"https:\/\/maennerchor-sirnach.ch\/wp-content\/uploads\/2015\/02\/visitenkarte_gmaeder.jpg 315w, https:\/\/maennerchor-sirnach.ch\/wp-content\/uploads\/2015\/02\/visitenkarte_gmaeder-300x200.jpg 300w\" sizes=\"(max-width: 315px) 100vw, 315px\" \/>Unsere charmante und engagierte Dirigentin Gertrud M\u00e4der hat uns w\u00e4hrend 12 Jahren auf Trab gehalten und war eine wichtige St\u00fctze in unserem Verein.<br \/>\nLeider ist wegen \u00dcberalterung und Mitgliederschwund kein geregelter Probebetrieb mehr m\u00f6glich.<br \/>\nWir danken Ihr von Herzen f\u00fcr diese gute Zeit, und f\u00fcr alles, was sie f\u00fcr unseren Verein geleistet hat.<\/strong><strong>&nbsp;<\/strong><\/p>\n<p>&nbsp;<\/p>\n<p><a href=\"mailto:vorstand@maennerchor-sirnach.ch\"><em>vorstand@maennerchor-sirnach.ch<\/em><\/a><\/p>\n<p>&nbsp;<\/p>\n<p>&nbsp;<\/p>\n<p>&nbsp;<\/p>\n<p>&nbsp;<\/p>\n<p>&nbsp;<\/p><\/blockquote>\n","protected":false},"excerpt":{"rendered":"<p>&nbsp; Unsere charmante und engagierte Dirigentin Gertrud M\u00e4der hat uns w\u00e4hrend 12 Jahren auf Trab gehalten und war eine wichtige St\u00fctze in unserem Verein. Leider ist wegen \u00dcberalterung und Mitgliederschwund kein geregelter Probebetrieb mehr m\u00f6glich. Wir danken Ihr von Herzen&hellip; <br \/><a class=\"read-more-button\" href=\"https:\/\/maennerchor-sirnach.ch\/?page_id=17\">Mehr Lesen<\/a><\/p>\n","protected":false},"author":1,"featured_media":0,"parent":0,"menu_order":0,"comment_status":"closed","ping_status":"open","template":"template-full-width.php","meta":{"ngg_post_thumbnail":0},"_links":{"self":[{"href":"https:\/\/maennerchor-sirnach.ch\/index.php?rest_route=\/wp\/v2\/pages\/17"}],"collection":[{"href":"https:\/\/maennerchor-sirnach.ch\/index.php?rest_route=\/wp\/v2\/pages"}],"about":[{"href":"https:\/\/maennerchor-sirnach.ch\/index.php?rest_route=\/wp\/v2\/types\/page"}],"author":[{"embeddable":true,"href":"https:\/\/maennerchor-sirnach.ch\/index.php?rest_route=\/wp\/v2\/users\/1"}],"replies":[{"embeddable":true,"href":"https:\/\/maennerchor-sirnach.ch\/index.php?rest_route=%2Fwp%2Fv2%2Fcomments&post=17"}],"version-history":[{"count":20,"href":"https:\/\/maennerchor-sirnach.ch\/index.php?rest_route=\/wp\/v2\/pages\/17\/revisions"}],"predecessor-version":[{"id":1898,"href":"https:\/\/maennerchor-sirnach.ch\/index.php?rest_route=\/wp\/v2\/pages\/17\/revisions\/1898"}],"wp:attachment":[{"href":"https:\/\/maennerchor-sirnach.ch\/index.php?rest_route=%2Fwp%2Fv2%2Fmedia&parent=17"}],"curies":[{"name":"wp","href":"https:\/\/api.w.org\/{rel}","templated":true}]}}